173 composite?
True
Is 17298462061 a prime number?
False
Is 7705251461 composite?
False
Is 186005341 a composite number?
False
Is 4087144401 a composite number?
True
Is 149013325367 a composite number?
False
Is 15635648311 a composite number?
True
Is 5549707 a prime number?
True
Is 66410899 composite?
True
Is 2241001403 prime?
True
Is 16157877473 a prime number?
True
Is 106887019 prime?
True
Is 2937893537 prime?
False
Is 6079218907 composite?
False
Is 1050701307 a composite number?
True
Is 2195928677 composite?
True
Is 5863027 a composite number?
False
Is 5384902907 a composite number?
False
Is 12579496321 prime?
False
Is 7756016953 prime?
False
Is 291809261 a composite number?
True
Is 65153940637 a prime number?
True
Is 2029487861 prime?
True
Is 70397371391 prime?
True
Is 1573035531 composite?
True
Is 284216167 a composite number?
True
Is 6835726567 a prime number?
False
Is 2515616953 prime?
False
Is 2210097067 a prime number?
True
Is 2959046369 prime?
True
Is 1001490397 a composite number?
False
Is 3972768797 a prime number?
True
Is 67068900319 prime?
False
Is 830856773 a composite number?
False
Is 87920969855 a prime number?
False
Is 30017652191 composite?
True
Is 1710479767 a prime number?
True
Is 277032571 composite?
True
Is 30468612997 a prime number?
True
Is 56701298263 a prime number?
True
Is 65755511 a composite number?
False
Is 2450021083 composite?
True
Is 114793661 composite?
True
Is 28266569057 a prime number?
False
Is 170150219 a prime number?
False
Is 147992860541 a prime number?
False
Is 13465074863 a composite number?
True
Is 195669629 prime?
True
Is 90615563113 a prime number?
True
Is 4619866717 prime?
False
Is 818825317 a composite number?
False
Is 916777969 prime?
True
Is 4516020329 prime?
True
Is 20179089263 composite?
True
Is 25192088653 composite?
False
Is 9088612501 a prime number?
True
Is 25631404777 prime?
False
Is 3873106933 a composite number?
False
Is 8792530613 prime?
True
Is 1177060281 a prime number?
False
Is 484835683 a composite number?
False
Is 254533679 a prime number?
False
Is 9461601679 composite?
False
Is 2961053287 a composite number?
False
Is 16329749 a prime number?
True
Is 2351360399 prime?
False
Is 2871903061 prime?
True
Is 96975489101 prime?
True
Is 1064621231 a composite number?
True
Is 2371639441 prime?
False
Is 1571426417 prime?
False
Is 2098431043 a prime number?
False
Is 124940141303 a composite number?
False
Is 85042918369 prime?
True
Is 29488706903 composite?
False
Is 348738869 prime?
True
Is 754123303 a composite number?
False
Is 6424625434 composite?
True
Is 3403390513 a prime number?
True
Is 125863000957 a prime number?
True
Is 4628389907 prime?
False
Is 1720963313 prime?
True
Is 1695448961 a prime number?
True
Is 28218136571 composite?
False
Is 463005527 a composite number?
False
Is 917496761 a prime number?
True
Is 29630659871 prime?
True
Is 1293626717 prime?
True
Is 13126864385 composite?
True
Is 2426169719 composite?
False
Is 851811787 a composite number?
False
Is 141556220693 composite?
True
Is 30928489 prime?
True
Is 796513247 composite?
True
Is 302181841 a composite number?
True
Is 10233325541 prime?
True
Is 14313201295 a composite number?
True
Is 107884277 prime?
False
Is 13034155469 a prime number?
False
Is 230795797 prime?
True
Is 3025425197 a prime number?
False
Is 17122085977 a prime number?
True
Is 14912834407 a composite number?
False
Is 10156273961 composite?
False
Is 36053758759 composite?
False
Is 1008573395 prime?
False
Is 920452273 a composite number?
True
Is 237566783 prime?
True
Is 9521155981 a prime number?
True
Is 13705307263 composite?
False
Is 20399833983 a composite number?
True
Is 1228195061 prime?
True
Is 1142596957 composite?
False
Is 19867976153 composite?
False
Is 6778301741 composite?
False
Is 8138372197 a prime number?
True
Is 39294723197 prime?
False
Is 14338167463 prime?
False
Is 5470472017 a prime number?
True
Is 2064448343 composite?
False
Is 1956601783 a composite number?
True
Is 2146243879 a prime number?
False
Is 16074498067 a composite number?
False
Is 733387631 a composite number?
True
Is 223761238097 prime?
True
Is 6035073103 a prime number?
True
Is 4095354371 a prime number?
True
Is 17416003063 composite?
False
Is 137163121 prime?
True
Is 673293961 prime?
True
Is 720287903 composite?
True
Is 11402314441 composite?
True
Is 8239967 composite?
False
Is 99463313 composite?
True
Is 10423501219 prime?
True
Is 16993358231 composite?
False
Is 1843183037 a composite number?
True
Is 123033708457 a prime number?
False
Is 29247136934 composite?
True
Is 42622759607 a prime number?
True
Is 3402251 prime?
False
Is 194316599 a composite number?
True
Is 119062913 prime?
False
Is 62663976671 a composite number?
True
Is 1743230537 a composite number?
False
Is 7623008251 composite?
False
Is 75056551 a prime number?
True
Is 3562618078 prime?
False
Is 425775901 a prime number?
False
Is 4384712417 prime?
False
Is 138781565213 a composite number?
False
Is 9994557809 a composite number?
True
Is 17545654931 prime?
False
Is 37677424133 composite?
False
Is 1650000133 a composite number?
False
Is 24695553769 a composite number?
False
Is 98056687 prime?
False
Is 667272833 a prime number?
True
Is 48660839401 a composite number?
False
Is 1020125543 a composite number?
False
Is 8083979 a composite number?
False
Is 4104880427 a prime number?
True
Is 40524201941 a prime number?
True
Is 25445978351 composite?
True
Is 363984527 a prime number?
True
Is 2066677559 composite?
True
Is 73931134787 composite?
True
Is 11381776213 composite?
False
Is 7224751879 prime?
True
Is 5626344337 a composite number?
True
Is 1816211779 composite?
True
Is 10046560603 composite?
False
Is 20087401211 prime?
False
Is 1633643369 a prime number?
False
Is 345096469 a composite number?
False
Is 1589603711 a composite number?
True
Is 216311071 a prime number?
True
Is 2603986591 a prime number?
False
Is 118929776881 a composite number?
True
Is 4805665549 a composite number?
False
Is 381769013 composite?
True
Is 51465718639 a prime number?
False
Is 515576483 prime?
True
Is 8970801907 a prime number?
True
Is 8118024973 prime?
True
Is 193698487 a composite number?
True
Is 112554209 prime?
True
Is 15631060031 composite?
False
Is 449477099131 a prime number?
True
Is 2072949271 prime?
True
Is 1674231233 prime?
True
Is 241753313 a composite number?
True
Is 2333966981 prime?
True
Is 4741196227 a prime number?
True
Is 12117553219 a composite number?
False
Is 3668291447 composite?
False
Is 21217020863 composite?
False
Is 29485934249 a composite number?
False
Is 162625367 a prime number?
False
Is 17944601 composite?
True
Is 10464245669 composite?
True
Is 17229445451 a prime number?
True
Is 94160474 a prime number?
False
Is 863178497 a prime number?
False
Is 348293171 a composite number?
True
Is 1139180137 prime?
False
Is 756177677 composite?
False
Is 3674762291 a prime number?
True
Is 209304328291 a composite number?
False
Is 6662517547 prime?
False
Is 1204973599 a composite number?
True
Is 7564801369 a prime number?
True
Is 116669717 a prime number?
True
Is 2499206449 prime?
True
Is 1409309221 prime?
False
Is 67737376657 composite?
False
Is 267258167 a composite number?
True
Is 1555062681 prime?
False
Is 4230077893 a composite number?
True
Is 4751852111 a composite number?
True
Is 305358181 prime?
True
Is 91570441891 a prime number?
False
Is 236378671 a composite number?
True
Is 576096053 prime?
False
Is 1634281081 composite?
False
Is 959856913 a composite number?
False
Is 32311026809 a prime number?
True
Is 1769979427 a composite number?
False
Is 979010147 composite?
True
Is 15436441481 prime?
True
Is 9924781189 a prime number?
False
Is 1555389263 a prime number?
True
Is 20291277379 a prime number?
False
Is 23867082947 composite?
False
Is 125054684509 a composite number?
False
Is 35482532537 a composite number?
True
Is 1412483277 composite?
True
Is 279308369 a prime number?
True
Is 300597163 composite?
True
Is 120745795187 prime?
True
Is 13959535243 composite?
False
Is 2051692091 a prime number?
True
Is 711850729 a composite number?
False
Is 210899311 a prime number?
False
Is 187114997 a composite number?
False
Is 798100241 prime?
False
Is 1297582019 a composite number?
False
Is 90910486691 prime?
False
Is 83555369